e greatest common factor of i and 154?
77
Let h be 9/(-54) - (-15289)/6. What is the highest common divisor of 91 and h?
91
Suppose 2*d = -2*d + 352. Let t(s) = -s**2 + 236*s + 3524. Let g be t(-14). Calculate the highest common factor of g and d.
8
Let o = -6891 + 9241. Calculate the greatest common divisor of 50 and o.
50
Let v(g) = 100*g**2 - 16*g + 108. Let b be v(6). Suppose -95*w - b = -102*w. What is the greatest common factor of w and 12?
12
Suppose -7 - 5 = -3*x, 4*p = 5*x + 12. Suppose -22 = 2*u - 3*w, -u + 3*w - 6 = 4*w. Let t = u + 32. What is the highest common factor of p and t?
8
Let b be ((-4905)/20 - 4) + (-2)/(-8). Let w = 277 + b. Calculate the highest common factor of w and 7.
7
Let c be 4 + ((-7)/9 - (-4)/(-18)). Suppose 3*k - 75 = c*n, -7*k + 5*n = -5*k - 62. What is the greatest common divisor of k and 2?
1
Let r be 5/15 + (-2)/6 - (-480804)/2334. Suppose 2*q = 2*c - 1020, -5*c + 4*q - 9*q + 2600 = 0. What is the greatest common divisor of c and r?
103
Let k(r) = r**3 - 24*r**2 + 21. Let c = -1 - -25. Let z be k(c). Let o = 11 - 8. What is the greatest common divisor of z and o?
3
Suppose 7*o + 2*a + 45 = 95, -5*o + a = -43. What is the highest common factor of 4384 and o?
8
Let n(x) = x**3 - 2*x**2 - 3*x + 5. Let l be n(0). Suppose -81 = -4*q + l*c, 2*q + 0*c = -2*c + 18. What is the highest common divisor of 2 and q?
2
Let h(d) = 2*d**3 + 36*d**2 - 51*d - 222. Let p be h(-19). Calculate the greatest common divisor of 4 and p.
1
Let t(h) = 2*h**2. Let b be t(1). Suppose 0 = -x + 42 - b. Let n be ((-2)/14 - (-4 - (-2375)/525))*-15. Calculate the greatest common divisor of n and x.
10
Suppose 49*r - 24*r = 2725. Calculate the highest common factor of r and 872.
109
Suppose q = 4*a + 3 + 3, -5*q = 4*a + 42. Let o(u) = 13*u**2 - u - 15. Let l be o(q). Calculate the highest common factor of l and 27.
27
Suppose 79*b - 4794 = -48*b + 159. What is the highest common divisor of 2054 and b?
13
Let i be 8/72 - 1082/18. Let k be (-192)/60*i/4. Calculate the highest common factor of k and 4.
4
Let r be ((-234)/(-13) + -1)*3. Suppose 0 = x + 4*x - 5865. What is the highest common divisor of r and x?
51
Let d(i) = 4*i**2 - 486*i + 4484. Let h be d(9). Calculate the highest common factor of 2356 and h.
62
Let d(u) be the third derivative of u**4/24 + 5*u**3/6 - u**2. Let r be d(-10). Let z be (-117)/(-15) - r/25. Calculate the highest common factor of z and 72.
8
Let o(n) = -2*n**2 + 60*n - 81. Let y be o(20). Calculate the greatest common factor of 220 and y.
11
Let w be (-6 - 3626/12)*-1 + (-3)/18. Let i(m) = 7*m. Let k be i(2). What is the highest common factor of k and w?
14
Suppose -8*y = -4*y + 2*a - 24, 3*a = 3*y - 9. Suppose 3 = -2*k + 5. Calculate the greatest common divisor of k and y.
1
Let t(s) = -s**2 + 29*s - 95. Let j be t(4). Let l be 12 - 7 - j - -1. What is the highest common factor of 72 and l?
1
Let v be (-192)/20*(0 - 10/(-3)). Let k = v + 50. Let u = k + 0. Calculate the highest common factor of u and 27.
9
Let w = -35 - -34. Let g be 3/((12/(-8))/w). Let y = 1 - -5. What is the highest common factor of y and g?
2
Suppose 3*a = -3 + 15. Let j = -30234 + 30270. Calculate the highest common factor of j and a.
4
Let g(l) be the first derivative of -l**2 + 16*l - 75. Let n be g(-22). Calculate the highest common factor of 100 and n.
20
Suppose -3*s - 5*q + 13 = -19, -s + 11 = 2*q. Suppose -1590 = -s*m + 1083. Calculate the greatest common factor of m and 27.
27
Suppose 0 = -2*a - 408 - 1048. Suppose -k = -2*l - 20, 0 = 12*k - 11*k. Let w be (a/l - 1) + 6/30. What is the highest common factor of w and 8?
8
Suppose -700 = 2*d - 758. Let j be -2*2/4 + -17 + d. Let g(s) = 6*s**2 - 7*s + 6. Let h be g(5). What is the highest common factor of j and h?
11
Suppose 0 = -c - 5*w + 38, 1037 = -2*c + 3*w + 1061. What is the greatest common factor of c and 3303?
9
Let i(a) = -20*a - 12. Let u be i(13). Let n = -136 - u. Suppose j = 4 - 1, 3*s - 3*j = 42. What is the greatest common factor of n and s?
17
Suppose -14*k = 1196 - 4122. What is the highest common factor of 152 and k?
19
Let z(j) = -j**3 - 5*j**2 - j - 2. Let b be z(-5). Let s(r) = 1154*r + 17. Let v be s(0). Calculate the greatest common divisor of v and b.
1
Let o(r) = -12*r + 2*r + 5*r. Let u be o(-8). Let b = 44 - u. Calculate the greatest common factor of b and 36.
4
Suppose -442*b + 145 = d - 439*b, 4*b = d - 166. What is the greatest common divisor of d and 3157?
77
Let n be (22/4)/(-1 + 0)*-58. Let t = 22 - 19. Suppose v - t*k + 8*k = 24, 2*v - 60 = 2*k. What is the greatest common factor of n and v?
29
Let j be ((-83)/(3984/128))/(4 + 80/(-12)). Let h be -15*(1 - (-4)/(-3)). Suppose 4 = -g + h. What is the highest common divisor of j and g?
1
Suppose -309*v = -3*z - 312*v + 45, -2*v - 102 = -4*z. What is the greatest common factor of z and 12881?
11
Let n(f) = -f**3 - 10*f**2 + 23*f - 18. Let m be n(-12). Let i be (4 - 140/m)*(-63)/(-6). What is the greatest common divisor of 41 and i?
41
Suppose -3*l - 3*d = 0, 0 = 5*l - 0*l + 2*d + 3. Let a(g) = 2*g**2 - 7*g - 4. Let w be a(l). Calculate the highest common divisor of 85 and w.
5
Suppose 5*z - 5 = -5*x, 5*x = 19*z - 14*z - 35. Let y(h) = 65*h - 15. Let o be y(z). What is the greatest common factor of o and 49?
49
Let b(q) = 58*q**2 + 90*q + 178. Let m be b(-2). Calculate the greatest common factor of 50 and m.
10
Let q(p) = -106*p**3 - 2*p**2 - p. Let f be q(-1). Let d(h) = -18*h - 25. Let i be d(6). Let m = i + 154. Calculate the highest common divisor of m and f.
21
Let n(a) be the first derivative of 18*a**2 + 154*a - 113. Let p be n(-4). What is the highest common factor of 14 and p?
2
Let j be 43/((-301)/42) - 1378/(-1). What is the greatest common factor of j and 84?
28
Suppose -240 = 4*l - r + 359, -r = 2*l + 301. Let d be (-17265)/l + 9 - 2/20. What is the highest common factor of d and 62?
62
Let u(a) = -28*a. Let t be u(-5). Suppose 0 = 7*f - 358 - 202. Let h be 10/(f/222) + 3/12. What is the highest common divisor of h and t?
28
Let i(m) = 165*m**2 + 141*m - 589. Let j be i(4). Calculate the greatest common factor of j and 5.
5
Suppose 5*d = 10, 5*g - 1649 - 5646 = -5*d. What is the greatest common divisor of g and 93?
31
Let b = 36 - 55. Suppose -945 = -14*c + 35*c. Let s = b - c. Calculate the greatest common factor of s and 39.
13
Suppose -32 = -m + 74. Let y = m - 31. Suppose -6*z + 4*s = -2*z - 308, -s = z - y. Calculate the greatest common factor of 19 and z.
19
Let f = -246 - -356. Let x = 73796 - 73786. What is the highest common factor of f and x?
10
Suppose -5*l + 2*m + 16 + 64 = 0, -l + 4*m + 16 = 0. Suppose 0 = 363*t + 9126 - 47111 - 14287. What is the highest common factor of t and l?
16
Let d(o) = 22*o - 145. Let t be 0 - (-11 + 7) - -3. Let u be d(t). What is the greatest common factor of u and 603?
9
Suppose 4*f - 586 = -c, 4*c - 145 = -f + 3*c. Let n = 188 - f. Calculate the greatest common factor of n and 369.
41
Suppose 42 = 3*c - 39. Let n = 3034 + -2935. Calculate the highest common divisor of c and n.
9
Let w(b) = 62*b**2 - 73*b - 441. Let g be w(-5). What is the highest common factor of 22 and g?
22
Let w(x) = x**3 + 25*x**2 + 64*x + 21. Let d be w(-15). What is the greatest common divisor of 57 and d?
57
Let o(h) = -6*h**2 + h - 10. Let f(c) = -2*c**2 + c - 5. Let x(n) = 5*f(n) - 2*o(n). Let y be x(-4). What is the highest common factor of 345 and y?
15
Let p be (-11 + 36/(-8))/(1/(-2)). Calculate the highest common factor of 1643 and p.
31
Let l = 19481 + -13985. What is the highest common factor of l and 12?
12
Let r = 37677 - 37625. Suppose -3*f + 4*f - 104 = 0. Calculate the highest common factor of f and r.
52
Suppose 0 = 2618*h - 2633*h + 2700. What is the greatest common divisor of 1644 and h?
12
Let y = -48 + 53. Suppose -y*d = 118 - 198. Let g(w) = -13*w - 2. Let a be g(-10). What is the highest common factor of a and d?
16
Let m(f) = -2*f - 82 - 72 + 194. Let u be m(2). Calculate the greatest common divisor of 189 and u.
9
Let f = 55 - 102. Let i = 53 + f. Suppose 3*y = 3*a + 3, 6*y - y = 4*a + i. Calculate the highest common divisor of a and 3.
1
Let p(a) = -a**3 + 7*a**2 + 9*a + 19. Let v be p(8). Let w = -24 + v. Suppose 0*k = 5*k - 15. Calculate the greate